uppose m + l*m = 2*c + 56, -3*m + 2*c + 41 = 0. What is the greatest common divisor of m and s?
5
Suppose -5*c - 4 = -39. Suppose -2*n = c + 301. Let k be n/(-4)*(1 + 1). Calculate the highest common factor of 7 and k.
7
Suppose -5*s - 4*w + 22 = -4*s, w = -4*s + 88. Calculate the greatest common factor of 88 and s.
22
Suppose 6*w - 4 = 2*w. Let l be (-97)/(-9) - (-4)/18. What is the greatest common factor of l and w?
1
Let o(r) = -3*r - 2. Let g be o(-4). Let d be ((-6)/(-5))/(3/g). Let n = 19 - 15. Calculate the highest common divisor of d and n.
4
Let k = 85 + -83. What is the greatest common divisor of k and 5?
1
Let u = -17 + 27. What is the greatest common divisor of 110 and u?
10
Let r be (-352)/(-6) + (-24)/(-18). Calculate the highest common factor of r and 150.
30
Let w be (-528)/(-36) + (-2)/(-6). What is the highest common divisor of w and 105?
15
Suppose -57 = -5*u - 22. Calculate the highest common factor of u and 14.
7
Let l be (1/2)/((-1)/12). Suppose 2*i + 96 = -0*i. Let x = l - i. Calculate the greatest common divisor of 14 and x.
14
Let d = 21 + -16. Let w be 1 + (-2)/2 + 0. Suppose -8 = -4*g - w*g. What is the greatest common divisor of g and d?
1
Suppose -4*v - f = -0*f - 140, 5*v - 184 = f. What is the greatest common factor of v and 12?
12
Let y(h) = -79*h + 4. Let c(o) = -39*o + 2. Let a(d) = 9*c(d) - 4*y(d). Let m be a(-2). Calculate the highest common divisor of 9 and m.
9
Suppose -4 = -3*v + 2*v. Suppose v*o - 29 = 19. Let w(p) = p**3 + 7*p**2 - 8*p - 38. Let j be w(-7). What is the greatest common divisor of o and j?
6
Let n be (5/5)/((-2)/(-16)). Let t = n + 20. Let a(y) = 10*y**2 - 2*y - 2. Let g be a(-2). What is the highest common factor of t and g?
14
Let p(m) = m**3 + 1. Let t(c) = -4*c**3 - c - 7. Let o(r) = 5*p(r) + t(r). Let w be o(2). Calculate the greatest common factor of 1 and w.
1
Let a be (-6)/8 + ((-664)/(-32) - 4). Calculate the highest common divisor of a and 56.
8
Let u be 4/14 + 3108/98. Let o be 1*(-4 + 2) + 6. What is the highest common divisor of o and u?
4
Let j = -26 + 35. Suppose 2*m - 425 = -j. Calculate the greatest common factor of 26 and m.
26
Suppose r - 32 = -10. What is the greatest common factor of r and 198?
22
Let h = -19 + 59. Calculate the greatest common divisor of 8 and h.
8
Let o = 17 - 14. Calculate the greatest common factor of 21 and o.
3
Suppose 2*l - 278 = -5*f + 3*l, -4*f + l + 222 = 0. What is the greatest common divisor of 84 and f?
28
Let i(q) = -46*q - 2. Let s be i(-2). Calculate the highest common factor of s and 36.
18
Let h be ((-48)/(-28))/((-1)/(-7)). Calculate the highest common factor of 2 and h.
2
Let h = -9 + 17. Calculate the greatest common divisor of 4 and h.
4
Let r be 4*((-2)/1)/(-2). Let u be 17/(-34) - (-114)/r. Let v be (-1*7)/(2/(-4)). Calculate the highest common divisor of u and v.
14
Let f = 3 + 0. Let m(a) = 3*a**2 - 3*a + 2. Let n be m(f). Calculate the highest common divisor of 4 and n.
4
Suppose 3*r = -3*u - 6, -5*r + 0*r + 4 = -2*u. Suppose -p + 3*p - 24 = r. What is the greatest common factor of p and 132?
12
Let f be 1 + 6*1/3. What is the greatest common factor of 12 and f?
3
Suppose h + 4*n - 34 = 0, 4*h = -3*n + n + 66. Let s(d) = 15*d**3 - 2*d**2 - d + 2. Let v be s(2). Calculate the highest common divisor of h and v.
14
Suppose 2*v - 4*v = -242. What is the highest common factor of v and 11?
11
Suppose -a - 12 = -5*a. Suppose -2*q = -4*g - 56, a*q + 2*g + 0*g - 124 = 0. Let v = -23 + q. What is the greatest common divisor of v and 6?
3
Suppose 7*n - 49 = 21. What is the highest common divisor of n and 15?
5
Suppose -103 = -7*y - 33. What is the greatest common factor of 2 and y?
2
Let h = 8 - -72. Suppose 0 = -4*q - h + 384. What is the highest common divisor of 19 and q?
19
Let h(z) = z + 26. Let x be h(-9). Let y(p) = p**3 + 8*p**2 - 9*p + 7. Let r be y(-7). What is the highest common factor of r and x?
17
Let j(o) = -5*o**3 - 2*o**2 - 4*o - 1. Let k be j(-1). Calculate the greatest common factor of 12 and k.
6
Suppose 6*r = 3*r + 12. Suppose 0 = -r*i - 13 + 57. Calculate the highest common factor of i and 1.
1
Let m(t) be the first derivative of -t**2 - 16*t + 3. Let a be m(-11). What is the greatest common divisor of 42 and a?
6
Let s = 72 + -68. Let x = 10 + -6. Let l be x*(-1 - 0 - -2). What is the highest common factor of l and s?
4
Suppose 2*g = 3*g - 33. What is the greatest common divisor of 11 and g?
11
Suppose -4*s = z - 286, -91 = 2*s + 2*z - 231. What is the greatest common factor of s and 24?
24
Let z be 2/5 + (-33)/(-5). Suppose -k = 5*w - 7, 2*k = -0*w + 2*w - 10. Let y = z + w. Calculate the greatest common divisor of 9 and y.
9
Suppose -6*t = -2*t - 280. Let o(c) = c**2 - 7*c + 6. Let p be o(8). Calculate the highest common factor of p and t.
14
Let k = -15 - -29. Let g(u) = 4*u**2 + 6*u - 4. Let r be g(-3). Calculate the highest common divisor of k and r.
14
Let w = 22 + -19. Let a be (-94)/(-4) + (-2)/(-4). What is the highest common factor of a and w?
3
Suppose 4*l - 255 + 7 = 0. What is the highest common factor of 155 and l?
31
Suppose 47 = 2*w - 5*h, 0 = 3*w - 4*h - 7 - 81. Let s be (4 - 3)*3 - 4. Let p = s + 5. Calculate the greatest common factor of w and p.
4
Let t(b) = 39 + 27 - 22 - b**3 - b. Let n be t(0). What is the highest common divisor of n and 11?
11
Let k(n) = n**2 - 8*n + 22. Let j be k(11). What is the greatest common divisor of j and 5?
5
Suppose -7*k + 425 = -2*k. What is the greatest common factor of 34 and k?
17
Suppose 40 = -7*d + 3*d. Let n = 0 - d. What is the greatest common factor of 90 and n?
10
Let z(i) = -i**3 - 4*i**2 + 9*i - 2. Let o be z(-6). What is the greatest common divisor of o and 40?
8
Let u = 14 + -8. Let q be 670/u + 4/12. Calculate the greatest common divisor of q and 14.
14
Let x = 334 + -136. Calculate the highest common factor of x and 18.
18
Let s = 2 + 26. Suppose -26 = -3*l - 5. What is the highest common factor of s and l?
7
Let y(g) = g**3 - 6*g**2 + 6*g - 1. Let q(c) = c**3 + 8*c**2 - 11*c - 13. Let t be q(-9). Let n be y(t). What is the highest common divisor of n and 32?
4
Let a = -23 + 36. Calculate the greatest common factor of 143 and a.
13
Let g be (5 + 0 - -1)*2. Calculate the highest common factor of 96 and g.
12
Let m(j) be the first derivative of j**2/2 + 8*j + 3. Let q be m(-4). What is the highest common divisor of 12 and q?
4
Let c be (-16)/(-10)*(-21 + 56). Let f(v) = -2*v + 6. Let s be f(5). Let x = 18 + s. What is the highest common factor of x and c?
14
Let j(y) = -y**3 - 2*y**2 - 4*y + 1. Let u be j(-3). Let z be u + -1 + (1 - 3). Calculate the greatest common divisor of 171 and z.
19
Let w be ((-1)/2)/(1/(-22)). Suppose 5*d - 44 = d. What is the greatest common divisor of d and w?
11
Let o(g) = -6*g + 6. Let s be o(-4). What is the highest common factor of 12 and s?
6
Let i(v) = -v**3 + 6*v**2 + 3*v - 4. Let o be i(6). Suppose 1282 = 9*f + 274. What is the greatest common factor of f and o?
14
Suppose -4*m = 2*m - 144. Calculate the highest common divisor of m and 24.
24
Let r be -6*(17/(-2) + -3). Suppose 0 = -4*o - 2*w - 60 + 158, -w + 3 = 0. Calculate the greatest common factor of r and o.
23
Let z be (36/24)/((-6)/(-320)). What is the highest common factor of z and 16?
16
Let m(q) be the first derivative of 3*q**4/4 - q**3 + 3*q**2/2 - q - 4. Let j be m(2). What is the greatest common divisor of 51 and j?
17
Let p = -117 - -171. Calculate the greatest common divisor of 9 and p.
9
Let m = -86 + 126. Suppose m = 4*n + n. What is the highest common divisor of 12 and n?
4
Let m(z) = -4*z + z - 4*z + 6*z. Let c be m(-16). Let g be -3*(-2)/(-3)*-12. Calculate the greatest common divisor of g and c.
8
Let u(j) = 1 + 7*j**2 + 0 - 3 - 5*j - 6*j**2. Let n be u(8). What is the highest common factor of 55 and n?
11
Let a = -24 + 38. Suppose a = -5*g + 34. Suppose 0 = -x + g*l + 231, -x + 3*l - 462 = -3*x. What is the highest common divisor of 21 and x?
21
Let b = 35 - 28. Calculate the greatest common divisor of b and 7.
7
Let g be ((64/6)/1)/(34/51). What is the greatest common factor of 16 and g?
16
Suppose -37 = -7*s + 33. What is the highest common divisor of 1 and s?
1
Suppose -4*f - 2*h + 18 = 0, -2*f - 2*h + 7 = -1. Suppose 5*l - 28 + 8 